{"id":17434,"date":"2024-07-18T13:43:09","date_gmt":"2024-07-18T11:43:09","guid":{"rendered":"https:\/\/stage-fp.webenv.pl\/?page_id=17434"},"modified":"2025-10-21T16:18:25","modified_gmt":"2025-10-21T14:18:25","slug":"datenschutzerklarung","status":"publish","type":"page","link":"https:\/\/www.future-processing.com\/de\/datenschutzerklarung\/","title":{"rendered":"Datenschutzerkl\u00e4rung"},"content":{"rendered":"\t\t<div data-elementor-type=\"wp-page\" data-elementor-id=\"17434\" class=\"elementor elementor-17434\" data-elementor-post-type=\"page\">\n\t\t\t\t<div class=\"elementor-element elementor-element-00ddf77 e-con-full e-flex e-con e-parent\" data-id=\"00ddf77\" data-element_type=\"container\" data-e-type=\"container\">\n\t\t\t\t<div class=\"elementor-element elementor-element-5886e77 elementor-widget elementor-widget-fp_breadcrumbs_links\" data-id=\"5886e77\" data-element_type=\"widget\" data-e-type=\"widget\" data-widget_type=\"fp_breadcrumbs_links.default\">\n\t\t\t\t<div class=\"elementor-widget-container\">\n\t\t\t\t\t        <div\n            class=\"o-breadcrumbs__links  o-breadcrumbs\">\n            <div\n                class=\"o-breadcrumbs__links  e-con e-con-boxed o-breadcrumbs__links--added\">\n                                                                                                                    <span>Datenschutzerkl\u00e4rung<\/span>\n            <\/div>\n        <\/div>\n        \t\t\t\t<\/div>\n\t\t\t\t<\/div>\n\t\t<div class=\"elementor-element elementor-element-a15c33f e-flex e-con-boxed e-con e-child\" data-id=\"a15c33f\" data-element_type=\"container\" data-e-type=\"container\">\n\t\t\t\t\t<div class=\"e-con-inner\">\n\t\t\t\t<div class=\"elementor-element elementor-element-8486c4f elementor-widget elementor-widget-fp_header\" data-id=\"8486c4f\" data-element_type=\"widget\" data-e-type=\"widget\" data-widget_type=\"fp_header.default\">\n\t\t\t\t<div class=\"elementor-widget-container\">\n\t\t\t\t\t        <h2        class=\"f-headline-semi-large f-headline-semi-large--light                \"\n        >\n        <div ><\/div>\n        <\/h2>\n        \t\t\t\t<\/div>\n\t\t\t\t<\/div>\n\t\t\t\t<div class=\"elementor-element elementor-element-ae6a2f1 elementor-widget elementor-widget-text-editor\" data-id=\"ae6a2f1\" data-element_type=\"widget\" data-e-type=\"widget\" data-widget_type=\"text-editor.default\">\n\t\t\t\t<div class=\"elementor-widget-container\">\n\t\t\t\t\t\t\t\t\t<p>Diese Richtlinie beschreibt, wie wir mit Ihren personenbezogenen Daten umgehen: Die Art, wie wir diese sammeln und erfassen, wie wir sie \u00fcbertragen und wie lange wir sie verarbeiten.<\/p><p>Wir beschreiben au\u00dferdem Ihre Rechte und wie Sie Kontakt in Bezug auf die Verarbeitung Ihrer personenbezogenen Daten mit uns aufnehmen k\u00f6nnen.<\/p><p>Bitte beachten Sie: Die deutsche Version dieser Datenschutzerkl\u00e4rung ist eine \u00dcbersetzung unserer englischen Version. Soweit wir uns bem\u00fchen, die \u00dcbersetzung so wahrheitsgetreu wie m\u00f6glich zu halten, kann es einige Abweichungen geben. Im Zweifelsfall schauen Sie sich bitte die englische Version an oder kontaktieren Sie uns.\u00a0<\/p>\t\t\t\t\t\t\t\t<\/div>\n\t\t\t\t<\/div>\n\t\t\t\t<div class=\"elementor-element elementor-element-b2a1f13 elementor-widget elementor-widget-fp_header\" data-id=\"b2a1f13\" data-element_type=\"widget\" data-e-type=\"widget\" data-widget_type=\"fp_header.default\">\n\t\t\t\t<div class=\"elementor-widget-container\">\n\t\t\t\t\t        <h2        class=\"f-headline-semi-large f-headline-semi-large--light                \"\n        >\n        <div ><p><strong>Datenverantwortlicher <\/strong><\/p><\/div>\n        <\/h2>\n        \t\t\t\t<\/div>\n\t\t\t\t<\/div>\n\t\t\t\t<div class=\"elementor-element elementor-element-4676f0b elementor-widget elementor-widget-text-editor\" data-id=\"4676f0b\" data-element_type=\"widget\" data-e-type=\"widget\" data-widget_type=\"text-editor.default\">\n\t\t\t\t<div class=\"elementor-widget-container\">\n\t\t\t\t\t\t\t\t\t<p>Der Datenverantwortliche f\u00fcr Ihre personenbezogenen Daten ist Future Processing S.A. mit eingetragenem Sitz in Gleiwitz, ul. Bojkowska 37A, 44-100 Gleiwitz, eingetragen im Unternehmensregister des Bezirksgerichts Gleiwitz, X Gesch\u00e4ftsdivision des Landesgesch\u00e4ftsregisters unter der Nummer KRS 0000817352, USt.-Id.Nr. (NIP) 634-25-32-128.\u00a0<\/p>\t\t\t\t\t\t\t\t<\/div>\n\t\t\t\t<\/div>\n\t\t\t\t<div class=\"elementor-element elementor-element-55d0f54 elementor-widget elementor-widget-fp_header\" data-id=\"55d0f54\" data-element_type=\"widget\" data-e-type=\"widget\" data-widget_type=\"fp_header.default\">\n\t\t\t\t<div class=\"elementor-widget-container\">\n\t\t\t\t\t        <h2        class=\"f-headline-semi-large f-headline-semi-large--light                \"\n        >\n        <div ><p><strong><span class=\"TextRun SCXW240688573 BCX0\" lang=\"EN-US\" xml:lang=\"EN-US\" data-contrast=\"none\"><span class=\"NormalTextRun BookmarkStart BookmarkEnd SpellingErrorV2Themed SCXW240688573 BCX0\" data-ccp-parastyle=\"heading 2\">Aktualisierungen<\/span> <span class=\"NormalTextRun SpellingErrorV2Themed SCXW240688573 BCX0\" data-ccp-parastyle=\"heading 2\">dieser<\/span> <span class=\"NormalTextRun SpellingErrorV2Themed SCXW240688573 BCX0\" data-ccp-parastyle=\"heading 2\">Richtlinie<\/span><\/span><\/strong><\/p><\/div>\n        <\/h2>\n        \t\t\t\t<\/div>\n\t\t\t\t<\/div>\n\t\t\t\t<div class=\"elementor-element elementor-element-4ced30b elementor-widget elementor-widget-text-editor\" data-id=\"4ced30b\" data-element_type=\"widget\" data-e-type=\"widget\" data-widget_type=\"text-editor.default\">\n\t\t\t\t<div class=\"elementor-widget-container\">\n\t\t\t\t\t\t\t\t\t<p>Es kann sein, dass wir diese Richtlinie gelegentlich anpassen. Wir laden Sie ein, diesbez\u00fcglich regelm\u00e4\u00dfig\u202fhttps:\/\/www.future-processing.com\/de\/datenschutzerklarung\/\u202fzu besuchen, um mit unserer neuesten Version auf dem Laufenden zu bleiben.<\/p><p>\u00a0<\/p><table width=\"100%\"><tbody><tr><td width=\"192\">Letzte Aktualisierung<\/td><td width=\"336\">2025-05-12<\/td><\/tr><tr><td width=\"192\">Fragen zu Ihren Daten<\/td><td width=\"336\"><a href=\"mailto:gdpr@future-processing.com\">gdpr@future-processing.com<\/a><\/td><\/tr><\/tbody><\/table>\t\t\t\t\t\t\t\t<\/div>\n\t\t\t\t<\/div>\n\t\t\t\t<div class=\"elementor-element elementor-element-777fbd4 elementor-widget elementor-widget-fp_header\" data-id=\"777fbd4\" data-element_type=\"widget\" data-e-type=\"widget\" data-widget_type=\"fp_header.default\">\n\t\t\t\t<div class=\"elementor-widget-container\">\n\t\t\t\t\t        <h2        class=\"f-headline-semi-large f-headline-semi-large--light                \"\n        >\n        <div ><p><strong><span class=\"TextRun SCXW87939637 BCX0\" lang=\"EN-US\" xml:lang=\"EN-US\" data-contrast=\"none\"><span class=\"NormalTextRun BookmarkStart BookmarkEnd SpellingErrorV2Themed SCXW87939637 BCX0\" data-ccp-parastyle=\"heading 2\">Inhalts\u00fcbersicht<\/span><\/span>:<\/strong><\/p><p>\u00a0<\/p><\/div>\n        <\/h2>\n        \t\t\t\t<\/div>\n\t\t\t\t<\/div>\n\t\t\t\t<div class=\"elementor-element elementor-element-e407da1 elementor-widget elementor-widget-text-editor\" data-id=\"e407da1\" data-element_type=\"widget\" data-e-type=\"widget\" data-widget_type=\"text-editor.default\">\n\t\t\t\t<div class=\"elementor-widget-container\">\n\t\t\t\t\t\t\t\t\t<p class=\"FirstParagraph\">Wir haben spezielle Unterseiten vorbereitet, um besser zu beschreiben, wie wir die Daten verschiedener Personengruppen verarbeiten. Es kann sein, dass Sie zu mehreren verschiedenen Gruppen geh\u00f6ren, unter denen wir Ihre personenbezogenen Daten verarbeiten; in diesem Fall kann mehr als eine Unterseite f\u00fcr Sie gelten.<\/p>\t\t\t\t\t\t\t\t<\/div>\n\t\t\t\t<\/div>\n\t\t\t\t<div class=\"elementor-element elementor-element-6eead7f elementor-widget elementor-widget-text-editor\" data-id=\"6eead7f\" data-element_type=\"widget\" data-e-type=\"widget\" data-widget_type=\"text-editor.default\">\n\t\t\t\t<div class=\"elementor-widget-container\">\n\t\t\t\t\t\t\t\t\t<ol><li style=\"list-style-type: none;\"><ol><li><a title=\"Bewerber und potenzielle Bewerber\" href=\"https:\/\/www.future-processing.com\/de\/datenschutzerklarung\/bewerber-und-potenzielle-bewerber\/\" target=\"_blank\" rel=\"noopener\">Bewerber und potenzielle Bewerber<\/a><\/li><li><a href=\"https:\/\/www.future-processing.com\/de\/datenschutzerklarung\/kunden-und-potenzielle-kunden\/\" target=\"_blank\" rel=\"noopener\">Kunden und potenzielle Kunden<\/a><\/li><li><a href=\"https:\/\/www.future-processing.com\/de\/datenschutzerklarung\/benutzer-unserer-websites\/\" target=\"_blank\" rel=\"noopener\"> Benutzer unserer Websites<\/a><\/li><li><a href=\"https:\/\/www.future-processing.com\/de\/datenschutzerklarung\/abonnenten-unseres-newsletters\/\">Abonnenten unseres Newsletters<\/a><\/li><li><a href=\"https:\/\/www.future-processing.com\/de\/datenschutzerklarung\/besucher-unserer-gebaude\/\" target=\"_blank\" rel=\"noopener\">Besucher unserer Geb\u00e4ude<\/a><\/li><li><a class=\"row-title\" href=\"https:\/\/www.future-processing.com\/de\/datenschutzerklarung\/teilnehmer-an-unseren-veranstaltungen\/\" aria-label=\"\u201eprivacy policy participants of our events\u201d (Edycja)\">Teilnehmer an unseren Veranstaltungen<\/a><\/li><\/ol><\/li><\/ol><p>\u00a0<\/p>\t\t\t\t\t\t\t\t<\/div>\n\t\t\t\t<\/div>\n\t\t\t\t\t<\/div>\n\t\t\t\t<\/div>\n\t\t\t\t<\/div>\n\t\t\t\t<\/div>\n\t\t","protected":false},"excerpt":{"rendered":"<p>Datenschutzerkl\u00e4rung Diese Richtlinie beschreibt, wie wir mit Ihren personenbezogenen Daten umgehen: Die Art, wie wir diese sammeln und erfassen, wie wir sie \u00fcbertragen und wie lange wir sie verarbeiten. Wir beschreiben au\u00dferdem Ihre Rechte und wie Sie Kontakt in Bezug auf die Verarbeitung Ihrer personenbezogenen Daten mit uns aufnehmen k\u00f6nnen. Bitte beachten Sie: Die deutsche [&hellip;]<\/p>\n","protected":false},"author":3,"featured_media":0,"parent":0,"menu_order":0,"comment_status":"closed","ping_status":"closed","template":"","meta":{"_acf_changed":false,"footnotes":""},"class_list":["post-17434","page","type-page","status-publish","hentry"],"acf":[],"lang":"de","translations":{"de":17434,"pl":17419,"en-gb":17275},"pll_sync_post":[],"_links":{"self":[{"href":"https:\/\/www.future-processing.com\/wp-json\/wp\/v2\/pages\/17434","targetHints":{"allow":["GET"]}}],"collection":[{"href":"https:\/\/www.future-processing.com\/wp-json\/wp\/v2\/pages"}],"about":[{"href":"https:\/\/www.future-processing.com\/wp-json\/wp\/v2\/types\/page"}],"author":[{"embeddable":true,"href":"https:\/\/www.future-processing.com\/wp-json\/wp\/v2\/users\/3"}],"replies":[{"embeddable":true,"href":"https:\/\/www.future-processing.com\/wp-json\/wp\/v2\/comments?post=17434"}],"version-history":[{"count":0,"href":"https:\/\/www.future-processing.com\/wp-json\/wp\/v2\/pages\/17434\/revisions"}],"wp:attachment":[{"href":"https:\/\/www.future-processing.com\/wp-json\/wp\/v2\/media?parent=17434"}],"curies":[{"name":"wp","href":"https:\/\/api.w.org\/{rel}","templated":true}]}}